atest common divisor of 3933 and 468255?
57
Calculate the greatest common factor of 526 and 5946167.
263
What is the highest common divisor of 74786828 and 6940?
1388
What is the greatest common divisor of 135801 and 219?
3
What is the greatest common divisor of 258 and 20181233?
43
What is the highest common divisor of 452 and 155149?
113
What is the highest common factor of 2162 and 21298?
46
What is the greatest common factor of 324 and 1686474?
54
Calculate the highest common factor of 24 and 56974572.
12
What is the greatest common divisor of 1574805 and 2?
1
What is the greatest common factor of 3646 and 141267916?
3646
What is the highest common divisor of 91690 and 134620?
530
What is the highest common factor of 10 and 17407710?
10
What is the highest common divisor of 16 and 1505020?
4
What is the highest common divisor of 65 and 9728017?
13
What is the highest common factor of 1805599 and 77771?
937
Calculate the greatest common factor of 128 and 15813568.
64
Calculate the highest common factor of 828 and 8170083.
207
What is the greatest common factor of 35989 and 641451?
2117
What is the greatest common divisor of 5086609 and 44?
11
Calculate the greatest common factor of 355 and 149056335.
355
Calculate the highest common divisor of 26 and 65364962.
26
Calculate the greatest common divisor of 60 and 75662380.
20
What is the highest common factor of 273780 and 206180?
3380
Calculate the greatest common divisor of 330 and 1572324270.
330
Calculate the highest common divisor of 5560 and 100311296.
1112
What is the greatest common divisor of 2928489 and 43326?
249
Calculate the greatest common factor of 3633 and 157983.
21
Calculate the highest common divisor of 257328 and 57168.
144
Calculate the highest common divisor of 1008 and 8181873.
63
Calculate the greatest common factor of 4359395 and 22355.
85
Calculate the highest common divisor of 107882317 and 862.
431
Calculate the greatest common divisor of 597 and 62430678.
597
Calculate the greatest common divisor of 79356760 and 7840.
280
What is the highest common divisor of 47 and 65356?
1
Calculate the greatest common factor of 411358392 and 6576.
3288
Calculate the greatest common divisor of 1845953 and 126479.
1601
What is the greatest common divisor of 765 and 5649780?
255
What is the highest common factor of 3003 and 57085028?
1001
Calculate the greatest common divisor of 7140 and 7174680.
1020
What is the highest common factor of 438044 and 1148?
164
What is the greatest common divisor of 4200 and 19421400?
600
What is the highest common factor of 9154 and 32?
2
What is the greatest common factor of 663 and 8498113?
221
Calculate the highest common factor of 36951 and 1655337.
339
What is the greatest common divisor of 1472252151 and 267?
267
Calculate the highest common factor of 75270 and 4810.
130
Calculate the highest common divisor of 264935 and 80487.
11
Calculate the greatest common divisor of 9221856 and 672.
672
Calculate the highest common factor of 433 and 151588104.
433
Calculate the greatest common divisor of 417474 and 62208.
486
Calculate the highest common factor of 75799080 and 76440.
5880
What is the greatest common factor of 13699 and 13763375?
103
Calculate the greatest common factor of 81719260 and 1610.
70
Calculate the highest common factor of 2581620 and 1275.
255
What is the highest common factor of 23641 and 21244?
47
What is the highest common factor of 34358 and 17355399?
419
Calculate the highest common factor of 12 and 1206204.
12
What is the highest common divisor of 808945 and 391?
17
What is the highest common divisor of 327 and 110182868?
109
What is the greatest common divisor of 8382 and 309955184?
2794
Calculate the greatest common factor of 13995470 and 40.
10
Calculate the highest common divisor of 1316164 and 4662.
74
Calculate the greatest common divisor of 114 and 267759381.
57
Calculate the greatest common divisor of 384 and 24834552.
24
Calculate the highest common divisor of 33 and 45885829.
11
Calculate the greatest common factor of 42598 and 122018.
722
What is the highest common factor of 87166662 and 33814?
1166
What is the greatest common factor of 213 and 26923555?
71
Calculate the greatest common divisor of 89449658 and 6352.
794
What is the highest common divisor of 707267 and 121?
11
Calculate the greatest common divisor of 81 and 8861.
1
What is the highest common divisor of 245 and 4329346?
49
What is the highest common divisor of 2345319 and 4107?
111
What is the greatest common divisor of 138402276 and 12?
12
Calculate the greatest common divisor of 2888 and 58097896.
2888
What is the greatest common factor of 160 and 55398780?
20
Calculate the greatest common divisor of 4365 and 4671423.
873
What is the highest common divisor of 413 and 38628?
1
Calculate the greatest common factor of 3161354 and 5180.
518
Calculate the greatest common divisor of 2292189 and 2.
1
Calculate the greatest common factor of 389687648 and 1568.
224
Calculate the greatest common divisor of 296837 and 385061.
919
What is the highest common factor of 1829 and 1326893?
31
Calculate the highest common divisor of 9375611 and 49.
49
Calculate the greatest common factor of 3110964 and 749748.
516
What is the highest common divisor of 10716 and 808366818?
5358
What is the highest common factor of 2036298 and 11?
11
Calculate the highest common divisor of 44408 and 2002325.
793
What is the greatest common factor of 163029 and 6975?
93
What is the highest common factor of 135 and 25701210?
45
Calculate the highest common divisor of 89943 and 7035.
21
Calculate the highest common factor of 135 and 541735.
5
What is the greatest common factor of 37111 and 3282819?
1003
Calculate the greatest common factor of 7608806 and 2686.
158
Calculate the greatest common divisor of 492 and 109856876.
164
Calculate the greatest common divisor of 76 and 2481628.
76
What is the greatest common factor of 70763 and 27566?
77
What is the greatest common factor of 3823 and 75?
1
Calculate the greatest common divisor of 898660 and 420.
140
What is the greatest common factor of 1634 and 4257000?
86
What is the highest common factor of 45 and 19824565?
5
What is the greatest common factor of 206 and 407055382?
206
What is the highest common factor of 392625 and 8546661?
3141
What is the highest common factor of 64600234 and 1186?
1186
Calculate the highest common factor of 252225238 and 29.
29
What is the highest common divisor of 6781635 and 1995?
105
Calculate the highest common divisor of 984 and 51529784.
328
Calculate the greatest common divisor of 38693712 and 444.
444
What is the greatest common divisor of 833837 and 1131?
29
What is the greatest common factor of 256 and 42926?
2
What is the greatest common factor of 79 and 8785669?
79
Calculate the highest common divisor of 706314 and 1709974.
938
What is the highest common divisor of 14413172 and 567988?
3812
Calculate the greatest common divisor of 59640 and 1901424.
168
Calculate the highest common factor of 132758 and 5514314.
3238
Calculate the greatest common divisor of 264168 and 27900.
36
What is the highest common factor of 4540592 and 136?
8
Calculate the highest common divisor of 399 and 723833481.
399
What is the greatest common factor of 180 and 21232620?
180
What is the greatest common divisor of 38347 and 14674531?
1237
Calculate the highest common factor of 1333 and 144413221.
1333
What is the greatest common divisor of 2024 and 134992?
88
What is the greatest common factor of 16 and 52425648?
16
Calculate the highest common factor of 26156256 and 7140.
84
Calculate the highest common factor of 919794 and 3567.
123
Calculate the greatest common factor of 50 and 1559870.
10
Calculate the highest common divisor of 448972 and 2412700.
4196
Calculate the greatest common factor of 96102779 and 17423.
2489
Calculate the greatest common factor of 423058 and 41.
1
What is the greatest common factor of 68522435 and 1505?
215
Calculate the highest common divisor of 365 and 2036120.
5
What is the greatest common divisor of 306 and 115443226?
34
What is the greatest common divisor of 37884 and 24045?
21
Calculate the highest common divisor of 223051524 and 3516.
3516
Calculate the greatest common divisor o